t t be (-4)/4*76/2. Let s = -26 - t. What is the greatest common divisor of s and f?
12
Let q be ((16/6)/((-42)/(-27)))/(29/1015). What is the highest common divisor of 320 and q?
20
Let n(x) = -x**2 + 18*x + 25. Let s be -1*38*6/(-12). Let v be n(s). Suppose -v*f = -4*d - 3*f + 24, -3*f = 0. Calculate the greatest common factor of 6 and d.
6
Let d be (1 - -2)*4/6. Let m = 6 + d. Suppose 6033*x - 6038*x = -5. What is the highest common divisor of x and m?
1
Let m(w) = -4*w**3 + 6*w**2 + 3*w + 11. Let h be m(5). Let p = h - -351. Calculate the greatest common factor of p and 18.
9
Let o(l) = -5*l - 4 - 19 + 5. Let x = -336 - -324. Let j be o(x). Calculate the greatest common divisor of 28 and j.
14
Let j be 9/24 - (-4468)/32. Let r be (6/10)/(9/1035). Suppose -v = 5*d - 5*v - 120, 3*d = 3*v + r. Calculate the highest common divisor of j and d.
28
Let d be ((-10)/(-4))/((-990)/(-1584)) - 1*-311. What is the greatest common divisor of d and 2430?
45
Suppose -2637*g = 2*r - 2633*g - 342, 5*g = -2*r + 335. What is the highest common factor of 80 and r?
5
Suppose 0 = 4*g - 30 + 10. Suppose -g*o + 3*r = -79, -4*r + r + 19 = 2*o. Let b = 12 + 2. What is the highest common divisor of b and o?
14
Let i(v) = 379*v**3 + 4*v**2 - 3. Let c be i(1). Let x = -194 + c. Calculate the highest common factor of x and 62.
62
Let k(n) = 4*n + 143. Let z be k(8). Suppose -2*x + x = -25. Suppose -4*r - x = -5*r. What is the greatest common divisor of r and z?
25
Let t(f) = -88*f + 134. Let x be t(6). Let i = x - -410. What is the highest common divisor of i and 3?
1
Let d be 13/(-2)*4950/(-225). Let g = 3 + 62. Calculate the highest common divisor of g and d.
13
Let o(b) = -b**3 - 21*b**2 - 30*b - 75. Let a be o(-22). Let j = -669 + a. What is the highest common divisor of j and 48?
16
Let s = -4 - -109. Let o = 708 + -1191. Let p be o/(-23) + 1 + -1. What is the greatest common factor of p and s?
21
Suppose 0 = -64*i + 99*i - 805. What is the greatest common factor of i and 322?
23
Suppose 5*y - 4*z - 10 = 0, -2*y - z = -489 + 485. Calculate the highest common factor of y and 974.
2
Let g(z) = 75*z**2 - 39*z - 59. Let v be g(-6). What is the greatest common factor of v and 115?
115
Let p = -66 + 70. Let s be 467*1 - (-1 + -2). Suppose -4*q - p*t = -0*q - 476, -4*q - t = -s. Calculate the highest common divisor of q and 9.
9
Let h(i) = 300*i + 10. Let b be h(1). Suppose 3*j + 2*s + 518 = -2*j, -3*j - b = s. Let x = 124 + j. What is the highest common divisor of 154 and x?
22
Let l be 0/(0 + -1) + 6. Let v be (3 - (-9 - -11)) + l*9. Calculate the highest common factor of 88 and v.
11
Let s = 426 - 186. Suppose -389*c + 6990 = 77*c. Calculate the highest common factor of s and c.
15
Let c be 25113/(-44)*1848/(-99). Calculate the greatest common divisor of c and 14.
14
Suppose 0*l = 4*l - 168. Suppose -j - f = -16, 0 = f - 4*f + 6. Calculate the greatest common divisor of l and j.
14
Let y(k) = -16*k - 13. Let q(p) = 15*p + 12. Let x(s) = -4*q(s) - 3*y(s). Let j = 22 + -28. Let z be x(j). What is the greatest common factor of 42 and z?
21
Let v = 3473 + -2980. What is the highest common factor of v and 85?
17
Let y be 272/9 + 2/(-9). Let t(n) = 44*n - 61. Let m(o) = 25*o - 30. Let s(q) = 7*m(q) - 4*t(q). Let w be s(-6). What is the greatest common factor of y and w?
10
Let r = 107 + -39. Suppose -15725 = -68*f - 85. Let c = f - 128. What is the highest common divisor of r and c?
34
Let l(x) = 2*x**2 + x - 1. Let u be l(2). Let w be (-1 + u)/4 - (0 - 43). Let i = -40 + w. What is the greatest common divisor of 5 and i?
5
Let y = 37 + -34. Suppose -2*k - 5*l = 6, -4*l - 18 = -2*k - y*k. Let g be (99/3 - k) + 2. Calculate the highest common factor of g and 264.
33
Let k = 9786 + -5705. Calculate the highest common divisor of k and 77.
77
Let w be (-8 - (6 - 105))/1*7. What is the highest common divisor of w and 819?
91
Suppose -10 - 3 = 2*g + 3*l, -23 = 2*g + 5*l. Let r be (g/(10/(-12)))/((-3)/10). Calculate the greatest common divisor of r and 4.
4
Let a = -5492 + 7823. Calculate the greatest common divisor of a and 21.
21
Let c(o) = -o**2 - 3*o - 6. Let d be c(-2). Let z be 8*((-97)/d + (-11)/(-44)). What is the greatest common divisor of 28 and z?
28
Suppose 2*c + a = 72, 0*c - 2*c + 68 = -a. Let l be 45040/144 - (-220)/99. What is the greatest common factor of c and l?
35
Suppose -80 = -3*f + 595. Let c = 348 - f. What is the highest common divisor of c and 3?
3
Suppose -733*t + 727*t = -24. Suppose 191 + 241 = t*x. What is the greatest common factor of x and 60?
12
Let l be (-13 - -4) + 2 - -880. What is the highest common divisor of 776 and l?
97
Let m be (-4)/((-8)/(-22))*(1 + -2). Suppose -121 = -2*u + u. Suppose 4*i - 3*i - u = 0. What is the highest common divisor of m and i?
11
Suppose -b = 27*w - 31*w - 178, -348 = -2*b + 4*w. What is the greatest common factor of 3 and b?
1
Suppose 329*k - 313*k - 1408 = 0. Suppose 0 = 5*r - 2*r - 2*m - 16, -2*r - 2*m + 24 = 0. Calculate the greatest common factor of k and r.
8
Let x = -2067 + 3722. What is the greatest common factor of x and 5?
5
Suppose -3*t + 22 = -17. Suppose -8511 = -16*c - 2239. Let w = c + -288. Calculate the highest common divisor of t and w.
13
Suppose 275164 = 69*g + 189558 - 703754. What is the highest common factor of g and 416?
208
Suppose 133*y = 141*y - 24. Suppose 4*m = 5*x - 472, 0 = y*x - 2*m + 135 - 419. Calculate the highest common factor of 18 and x.
6
Let d(n) = n**3 + 35*n**2 + 38*n - 919. Let z be d(-33). Calculate the highest common factor of z and 1865.
5
Let s be 145028/338 - 5/65. Calculate the greatest common divisor of s and 297.
33
Suppose 0 = -5*g - q + 89443, -5*g = 196*q - 201*q - 89425. What is the highest common factor of g and 43?
43
Let g be (4/(-3))/((-7)/(-6) - 1). Let x be 1 + 2*4/g. Suppose 5*k - o - 89 = x, o + 15 + 6 = k. What is the greatest common divisor of k and 119?
17
Suppose -28 - 4 = -16*x. Let y(d) = 10*d**3 - d**2 - 4*d + 7. Let k be y(x). Calculate the greatest common divisor of k and 50.
25
Let l = -222 + 242. Let a be (-1 - -6)*(1176/l)/6. Calculate the greatest common divisor of 21 and a.
7
Let z = 5460 - 5450. Calculate the greatest common factor of 285 and z.
5
Let k be 7*(130/(-91))/((-1)/122). What is the highest common divisor of 3172 and k?
244
Let q = -984 + 988. Let r(c) = c**2 + 13*c - 12. Let i = 27 + -41. Let p be r(i). What is the highest common factor of q and p?
2
Suppose -9*f + 12*f = 1080. Let p be (-4*16/(-10))/(18/f). Let w = 5 - -27. What is the highest common factor of p and w?
32
Suppose 5*p - 247 = -3*v, 59*p - 56*p - 15 = 0. Suppose -2*c + 370 = -0*c. What is the greatest common divisor of v and c?
37
Suppose -41 = -2*c + 39. Suppose 0 = 12*m - 64 - 20. Suppose 5 = -m*z + c. Calculate the greatest common divisor of z and 35.
5
Let g = 34036 + -33952. What is the highest common divisor of 816 and g?
12
Suppose 8080 + 2495 = 447*w - 222*w. Calculate the greatest common divisor of w and 56964.
47
Suppose -21 = 7*q - 14*q. Let d(z) = 23*z**3 - 3*z**2 - z + 2. Let h be d(1). What is the highest common divisor of q and h?
3
Suppose 137*d = -100*d - 41*d + 14468510. What is the highest common divisor of d and 35?
35
Let c be 336/(-140)*10/(-4). What is the greatest common factor of 501 and c?
3
Suppose 3*c - 3 - 9 = 0. Let n = 80 - 75. Suppose 0 = n*f + i - 6, -c*f + 2*i = 4 - 20. What is the highest common divisor of 4 and f?
2
Let c be (4 - (-36)/(-6)) + 18. Suppose 22*f - c*f - 336 = 0. Calculate the greatest common factor of 168 and f.
56
Suppose 0 = 3*y + 5*o - 2366, 3643 - 1275 = 3*y + 4*o. Suppose -2*q = -1 - 65. Calculate the highest common factor of y and q.
33
Let f be 264/24 + 6/2. Suppose 0 = -f*z - 8*z + 264. What is the highest common factor of z and 28?
4
Suppose -31*b - 96 = -2638. What is the greatest common divisor of b and 779?
41
Let b = 16157 - 10632. Calculate the highest common divisor of b and 65.
65
Let s = 5 + 7. Suppose -20 = 6*w - 8. Let z be 6/(2/20 - w/5). What is the greatest common divisor of s and z?
12
Let w be (-286)/(-6) - 16/(-48). Let u be 3/(-2) - (-450)/12. Suppose 4*f + 3*s - u = 0, -5*f + 22 = 3*s - 26. What is the highest common divisor of w and f?
12
Let t be 8/(-3 - 5)*(-14)/2. Suppose -2*